 is divided by 220?
80
Calculate the remainder when 194656 is divided by 316.
0
Calculate the remainder when 62492 is divided by 93.
89
Calculate the remainder when 533044 is divided by 92.
88
What is the remainder when 2744 is divided by 131?
124
Calculate the remainder when 87625 is divided by 87616.
9
Calculate the remainder when 483685 is divided by 483673.
12
What is the remainder when 27998 is divided by 848?
14
Calculate the remainder when 322385 is divided by 951.
947
What is the remainder when 15723 is divided by 1048?
3
Calculate the remainder when 3349 is divided by 110.
49
What is the remainder when 10821 is divided by 264?
261
Calculate the remainder when 571 is divided by 4.
3
What is the remainder when 2226288 is divided by 547?
545
Calculate the remainder when 1497364 is divided by 351.
349
Calculate the remainder when 469842 is divided by 234907.
28
Calculate the remainder when 553089 is divided by 653.
651
What is the remainder when 3666 is divided by 134?
48
What is the remainder when 185446 is divided by 46361?
2
Calculate the remainder when 21393 is divided by 91.
8
Calculate the remainder when 3807383 is divided by 692.
691
What is the remainder when 1766563 is divided by 347?
333
Calculate the remainder when 5291 is divided by 13.
0
What is the remainder when 3656 is divided by 1058?
482
What is the remainder when 354 is divided by 104?
42
Calculate the remainder when 70733 is divided by 35287.
159
Calculate the remainder when 795125 is divided by 198781.
1
Calculate the remainder when 172 is divided by 156.
16
Calculate the remainder when 46448 is divided by 14.
10
What is the remainder when 217813 is divided by 72599?
16
What is the remainder when 1313 is divided by 202?
101
Calculate the remainder when 76461 is divided by 1508.
1061
What is the remainder when 1644 is divided by 235?
234
What is the remainder when 1573 is divided by 27?
7
What is the remainder when 12801 is divided by 229?
206
Calculate the remainder when 508854 is divided by 771.
765
What is the remainder when 2133 is divided by 496?
149
What is the remainder when 177965 is divided by 88964?
37
Calculate the remainder when 185262 is divided by 92625.
12
Calculate the remainder when 30029 is divided by 5906.
499
What is the remainder when 2382 is divided by 2325?
57
Calculate the remainder when 8548 is divided by 374.
320
What is the remainder when 446998 is divided by 60?
58
What is the remainder when 230387 is divided by 63?
59
What is the remainder when 672837 is divided by 54?
51
Calculate the remainder when 208344 is divided by 29762.
10
Calculate the remainder when 3189 is divided by 174.
57
What is the remainder when 47063 is divided by 4?
3
What is the remainder when 102746 is divided by 1511?
1509
Calculate the remainder when 6994 is divided by 66.
64
Calculate the remainder when 1733 is divided by 221.
186
Calculate the remainder when 20172 is divided by 20.
12
Calculate the remainder when 468157 is divided by 156049.
10
What is the remainder when 213367 is divided by 569?
561
What is the remainder when 83933 is divided by 133?
10
What is the remainder when 35687 is divided by 49?
15
What is the remainder when 28559 is divided by 21?
20
Calculate the remainder when 770124 is divided by 71.
58
Calculate the remainder when 3300 is divided by 304.
260
Calculate the remainder when 41816 is divided by 35.
26
Calculate the remainder when 310619 is divided by 20.
19
What is the remainder when 4250 is divided by 844?
30
Calculate the remainder when 76321 is divided by 19080.
1
Calculate the remainder when 2107 is divided by 370.
257
What is the remainder when 5817 is divided by 28?
21
Calculate the remainder when 209082 is divided by 991.
972
Calculate the remainder when 331390 is divided by 5523.
10
Calculate the remainder when 20899 is divided by 84.
67
What is the remainder when 105647 is divided by 50?
47
What is the remainder when 12841 is divided by 337?
35
What is the remainder when 9914 is divided by 15?
14
What is the remainder when 42139 is divided by 6017?
20
What is the remainder when 3092 is divided by 88?
12
Calculate the remainder when 19214 is divided by 459.
395
Calculate the remainder when 31835 is divided by 7920.
155
What is the remainder when 253343 is divided by 12667?
3
Calculate the remainder when 93133 is divided by 207.
190
What is the remainder when 798 is divided by 149?
53
What is the remainder when 59581 is divided by 1?
0
What is the remainder when 510 is divided by 357?
153
Calculate the remainder when 5450 is divided by 497.
480
What is the remainder when 430759 is divided by 143582?
13
What is the remainder when 14199 is divided by 489?
18
What is the remainder when 20569 is divided by 254?
249
What is the remainder when 1546 is divided by 187?
50
Calculate the remainder when 2806 is divided by 928.
22
Calculate the remainder when 16545 is divided by 118.
25
Calculate the remainder when 314855 is divided by 6699.
2
Calculate the remainder when 42111 is divided by 113.
75
What is the remainder when 41754 is divided by 36?
30
Calculate the remainder when 1293 is divided by 520.
253
Calculate the remainder when 71578 is divided by 237.
4
Calculate the remainder when 3670 is divided by 45.
25
Calculate the remainder when 42564 is divided by 8.
4
Calculate the remainder when 20184 is divided by 4032.
24
What is the remainder when 516 is divided by 14?
12
What is the remainder when 512 is divided by 241?
30
What is the remainder when 9301 is divided by 665?
656
Calculate the remainder when 6372 is divided by 312.
132
Calculate the remainder when 10047 is divided by 4820.
407
What is the remainder when 5522 is divided by 38?
12
Calculate the remainder when 6768 is divided by 6358.
410
What is the remainder when 256512 is divided by 191?
190
What is the remainder when 1707870 is divided by 32?
30
What is the remainder when 60053 is divided by 15012?
5
What is the remainder when 9443 is divided by 145?
18
Calculate the remainder when 21849 is divided by 370.
19
What is the remainder when 784879 is divided by 49?
46
Calculate the remainder when 65881 is divided by 92.
9
Calculate the remainder when 747204 is divided by 13837.
6
What is the remainder when 234853 is divided by 5?
3
Calculate the remainder when 31815 is divided by 215.
210
What is the remainder when 5295 is divided by 4985?
310
Calculate the remainder when 11961 is divided by 105.
96
What is the remainder when 62619 is divided by 294?
291
What is the remainder when 17794 is divided by 12?
10
Calculate the remainder when 28785 is divided by 1793.
97
What is the remainder when 2546193 is divided by 25?
18
Calculate the remainder when 7395 is divided by 68.
51
What is the remainder when 5259 is divided by 2176?
907
What is the remainder when 4680 is divided by 1397?
489
What is the remainder when 19360 is divided by 412?
408
What is the remainder when 547 is divided by 29?
25
What is the remainder when 7466 is divided by 88?
74
Calculate the remainder when 11370 is divided by 760.
730
What is the remainder when 219945 is divided by 27482?
89
What is the remainder when 15169 is divided by 361?
7
What is the remainder when 111583 is divided by 27879?
67
Calculate the remainder when 678304 is divided by 950.
4
What is the remainder when 655 is divided by 196?
67
Calculate the remainder when 1352335 is divided by 13.
10
Calculate the remainder when 2858 is divided by 2815.
43
What is the remainder when 176637 is divided by 10390?
7
Calculate the remainder when 11500 is divided by 5.
0
What is the remainder when 669825 is divided by 6503?
16
Calculate the remainder when 27910 is divided by 27729.
181
Calculate the remainder when 25523 is divided by 370.
363
Calculate the remainder when 60305 is divided by 278.
257
Calculate the remainder when 21467 is divided by 21456.
11
What is the remainder when 45697 is divided by 284?
257
What is the remainder when 2448 is divided by 27?
18
What is the remainder when 20923 is divided by 32?
27
Calculate the remainder when 111176 is divided by 102.
98
Calculate the remainder when 32863 is divided by 14.
5
What is the remainder when 96536 is divided by 26?
24
Calculate the remainder when 24806 is divided by 1378.
2
Calculate the 